ed by 5.
4
Calculate the remainder when 523429746 is divided by 477.
474
What is the remainder when 112094 is divided by 2435?
84
Calculate the remainder when 61709 is divided by 30754.
201
What is the remainder when 750445480 is divided by 15?
10
Calculate the remainder when 1545799 is divided by 1545793.
6
Calculate the remainder when 60414 is divided by 283.
135
What is the remainder when 75355 is divided by 4456?
4059
Calculate the remainder when 973276 is divided by 1215.
61
Calculate the remainder when 795268 is divided by 28402.
12
Calculate the remainder when 401787 is divided by 1471.
204
What is the remainder when 292691 is divided by 13298?
135
What is the remainder when 6973233 is divided by 1122?
3
Calculate the remainder when 183347573 is divided by 30557926.
17
Calculate the remainder when 257753 is divided by 2143.
593
Calculate the remainder when 5804120 is divided by 142.
12
Calculate the remainder when 270190 is divided by 27.
1
What is the remainder when 246368 is divided by 226?
28
Calculate the remainder when 168598 is divided by 6741.
73
What is the remainder when 4948724 is divided by 24?
20
What is the remainder when 1155350 is divided by 28?
14
Calculate the remainder when 7792889 is divided by 70.
69
Calculate the remainder when 261734155 is divided by 246.
241
Calculate the remainder when 1074138 is divided by 268515.
78
Calculate the remainder when 24271558 is divided by 12.
10
What is the remainder when 12144 is divided by 3889?
477
What is the remainder when 11738720 is divided by 323?
254
Calculate the remainder when 10241134 is divided by 16.
14
What is the remainder when 3574275 is divided by 162462?
111
What is the remainder when 17101639 is divided by 7852?
7835
Calculate the remainder when 1976319 is divided by 84.
51
What is the remainder when 18322816 is divided by 51?
46
What is the remainder when 610110 is divided by 4012?
286
Calculate the remainder when 230178 is divided by 2618.
2412
What is the remainder when 6183373 is divided by 32205?
13
What is the remainder when 1484273 is divided by 518?
203
Calculate the remainder when 661209251 is divided by 5366.
5365
Calculate the remainder when 413506 is divided by 137693.
427
Calculate the remainder when 2453714 is divided by 642.
632
What is the remainder when 906927 is divided by 151152?
15
What is the remainder when 850084 is divided by 14906?
442
What is the remainder when 125875 is divided by 331?
95
Calculate the remainder when 1885969 is divided by 20279.
22
What is the remainder when 22188 is divided by 3195?
3018
What is the remainder when 104646 is divided by 707?
10
Calculate the remainder when 3157729 is divided by 1578859.
11
What is the remainder when 75311 is divided by 24232?
2615
Calculate the remainder when 9589755 is divided by 324.
3
Calculate the remainder when 47036 is divided by 1801.
210
Calculate the remainder when 9078166 is divided by 137.
135
What is the remainder when 2040056 is divided by 493?
22
What is the remainder when 26550804 is divided by 1770052?
24
Calculate the remainder when 2097097 is divided by 221.
28
What is the remainder when 903177 is divided by 1685?
17
What is the remainder when 364354654 is divided by 35?
34
What is the remainder when 84269 is divided by 288?
173
What is the remainder when 19680764 is divided by 21004?
16
What is the remainder when 473495 is divided by 12460?
15
What is the remainder when 6625581 is divided by 83868?
9
What is the remainder when 76296 is divided by 7455?
1746
Calculate the remainder when 110384549 is divided by 173.
169
Calculate the remainder when 970577 is divided by 3882.
77
Calculate the remainder when 4198014 is divided by 701.
426
What is the remainder when 27543805 is divided by 34?
31
What is the remainder when 627630 is divided by 17434?
6
What is the remainder when 7794067 is divided by 3715?
3712
What is the remainder when 1153493 is divided by 576737?
19
Calculate the remainder when 1400673 is divided by 48297.
60
Calculate the remainder when 1916187 is divided by 10.
7
What is the remainder when 73602607 is divided by 1533387?
31
Calculate the remainder when 23296 is divided by 13741.
9555
Calculate the remainder when 8028941 is divided by 1122.
1031
Calculate the remainder when 40831615 is divided by 61.
45
What is the remainder when 7250900 is divided by 687?
302
What is the remainder when 43706087 is divided by 8?
7
Calculate the remainder when 16102133 is divided by 187234.
9
What is the remainder when 184717906 is divided by 972?
970
What is the remainder when 1358319742 is divided by 32?
30
Calculate the remainder when 4261672 is divided by 85.
27
What is the remainder when 632174 is divided by 1587?
548
Calculate the remainder when 48586 is divided by 24128.
330
What is the remainder when 478293 is divided by 11681?
11053
What is the remainder when 1809577 is divided by 151?
144
What is the remainder when 491488 is divided by 2329?
69
What is the remainder when 189707246 is divided by 10255?
1
Calculate the remainder when 1026495 is divided by 114051.
36
What is the remainder when 263605 is divided by 2656?
661
What is the remainder when 30385 is divided by 3023?
155
Calculate the remainder when 83495198 is divided by 10128.
10094
What is the remainder when 64975 is divided by 2016?
463
Calculate the remainder when 31266830 is divided by 189.
182
Calculate the remainder when 451899 is divided by 150343.
870
Calculate the remainder when 239966 is divided by 262.
236
What is the remainder when 4788574 is divided by 478857?
4
Calculate the remainder when 4473 is divided by 451.
414
What is the remainder when 27362477 is divided by 369763?
15
Calculate the remainder when 5534490 is divided by 176.
170
Calculate the remainder when 339634 is divided by 7319.
2960
What is the remainder when 648336 is divided by 1435?
1151
Calculate the remainder when 75119 is divided by 2275.
44
Calculate the remainder when 1635673 is divided by 7270.
7193
What is the remainder when 36207558 is divided by 73?
69
Calculate the remainder when 4547535 is divided by 1129.
1052
What is the remainder when 2939466 is divided by 1469714?
38
What is the remainder when 3069873 is divided by 2610?
513
Calculate the remainder when 2681476 is divided by 2157.
325
What is the remainder when 1148671122 is divided by 525?
522
What is the remainder when 1153774 is divided by 576744?
286
Calculate the remainder when 950624 is divided by 49.
24
What is the remainder when 160279 is divided by 43?
18
Calculate the remainder when 1661372 is divided by 134.
40
Calculate the remainder when 293450 is divided by 41802.
836
Calculate the remainder when 4821526 is divided by 493.
479
What is the remainder when 162140 is divided by 2348?
128
What is the remainder when 9126785 is divided by 484?
481
Calculate the remainder when 3381526 is divided by 161021.
85
What is the remainder when 10455019 is divided by 2090993?
54
Calculate the remainder when 43442 is divided by 3605.
182
What is the remainder when 587014 is divided by 923?
909
Calculate the remainder when 1367312 is divided by 77.
23
What is the remainder when 117694 is divided by 38969?
787
What is the remainder when 13823 is divided by 855?
143
Calculate the remainder when 104787 is divided by 222.
3
What is the remainder when 3688169 is divided by 194114?
3
Calculate the remainder when 5194851 is divided by 631.
459
Calculate the remainder when 77875 is divided by 1539.
925
Calculate the remainder when 1720821 is divided by 25.
21
What is the remainder when 26967 is divided by 812?
171
Calculate the remainder when 82042093 is divided by 285.
283
What is the remainder when 388572727 is divided by 3284?
3279
What is the remainder when 890491 is divided by 127191?
154
What is the remainder when 111353084 is divided by 1408?
1404
Calculate the remainder when 168557 is divided by 61.
14
Calculate the remainder when 13916 is divided by 12039.
1877
What is the remainder when 11389988 is divided by 46?
20
Calculate the remainder when 594724744 is divided by 2867.
2865
What is the remainder when 27153 is divided by 285?
78
What is the remainder when 4296155 is divided by 614?
611
What is the remainder when 33717 is divided by 11225?
42
What is the 